 - 198. Calculate g(i).
-43
Let t(l) = 5 + 12*l - 5*l + 6*l**2 + 12*l**3 - 5*l**3 - 6*l**3. Let v = 415 - 420. Give t(v).
-5
Let l(m) = -17*m**3 + 24*m**2 - 8*m - 8. Let i(t) = -7*t**3 + 4*t**2 - t - 2. Let f(x) = 2*i(x) - l(x). What is f(5)?
9
Let z(o) be the first derivative of -5/3*o**3 - 3*o + 0*o**2 - 47 - 1/4*o**4. What is z(-5)?
-3
Let y(i) = 2*i**3 + 11*i**2 + 7*i + 10. Let h be 14 + (-6 - 13)*1. Determine y(h).
0
Let q(y) = 23*y**3 - 4*y**2 + 13*y - 6. Let k(d) = -4*d**3 + 2*d - 1. Let n(i) = -4*k(i) + q(i). Give n(1).
38
Let w = 166 + -164. Let d(n) = -n**3 - n**2 + 4*n + 3. Let y be d(w). Let i(k) = k**2 + k. Determine i(y).
0
Let h be (13 - 15)*2/8*-2. Let l(u) = 5*u**3 - 7*u**2 + 7*u. Let m be l(h). Let v(j) = j**2 + 3 - 2 - 2*j - 3*j. Give v(m).
1
Let u be (-3483)/(-54)*2/3. Let k = u + -41. Suppose -2*s + f = 0, 3*s - 10 = 2*f + k*f. Let w(g) = 6*g + 2. What is w(s)?
-10
Let o(t) = -6*t + 68. Suppose 4*m - 18 = -3*w, 16*w - 18 = 2*m + 13*w. Give o(m).
68
Let o(x) = 7*x. Let z(c) = -29*c - 8. Let h(q) = -4*o(q) - z(q). Suppose 57 = -4*b + 29. Calculate h(b).
1
Let y(i) = -10*i**2 + 10 - 12*i**2 - 73*i - 25 - 5*i**2 - 89*i. What is y(-6)?
-15
Let l = -1491 + 1495. Let f(m) = -7*m + 2. Let b(t) = 6*t - 1. Let s(r) = -5*b(r) - 4*f(r). Let v(a) = -4*a - 6. Let o(q) = l*v(q) - 7*s(q). Give o(-7).
11
Suppose -34 = -11*n + 21. Let k(a) = 2*a + 26*a**3 - 25*a**3 + 6*a - 6*a - n*a**2. Suppose 2 = 6*q - 10. Give k(q).
-8
Let w(l) = 3*l**3 - 9*l**2 - 12*l - 7. Let r(k) = -2*k**3 + 8*k**2 + 10*k + 7. Let y be (-1)/3 + (-33)/9. Let m(i) = y*r(i) - 3*w(i). Give m(-3).
-13
Let a(b) be the first derivative of -5*b**2/2 + 5*b - 2446. Calculate a(-22).
115
Suppose 2*h + q = 9, 3*q - 6 = 3*h - 2*h. Suppose -f - z + 5 = -5*f, -h*f - 2*z = -10. Let t(l) = 6 - 15 + f + 2*l - l. Give t(8).
-1
Let i(s) = -104*s**3 - 5*s**2 + 3*s + 0 + 302*s**3 + 7 - 102*s**3 - 97*s**3. Calculate i(-5).
-8
Let z be (8/(-16))/(16/96). Let m be (4 - 2 - 0) + 1. Let i(g) = -13*g + 3 + m*g**2 - 2*g**2 + 14*g. What is i(z)?
9
Let h(g) = -4*g - 29. Suppose 10*y + 36 = -3*o + 13*y, 4*y = -5*o - 15. Give h(o).
-1
Suppose 0 = -5*k - s + 3*s - 17, -5*k + 3*s = 13. Suppose 10 = 4*i + 34 - 16. Let h be (i - 16/k)/(51/(-170)). Let q(z) = -z - 5. Calculate q(h).
-1
Suppose 12*j - 35 = 5*j. Let o(f) = -7*f**2 - 5*f**3 - f**3 - 18 + 4*f**3 + 21 + 3*f**3. Calculate o(j).
-47
Let q(s) = -s**2 + 13*s - 15. Let u be (-8)/28 + (-316)/(-28). Let d be q(u). Let m(w) = w**3 - 8*w**2 + 6*w + 7. Calculate m(d).
0
Let r = 3193 + -2030. Let l(c) = 582 + 5*c + 571 - r. Determine l(3).
5
Let p(s) = s**2 - 19*s - 4. Let n(b) = -b**2 + 12*b + 3. Let y(l) = -4*n(l) - 3*p(l). Let q be 2/(-11) - 344/44. Calculate y(q).
-8
Let y(h) be the third derivative of 11*h**4/24 - 95*h**3/2 + 801*h**2 - 1. Give y(26).
1
Suppose -59 = -a - 48. Let p = 13 - a. Let l(r) = 4*r**2 + 3*r**p + r - 4*r**2 + 4 - 2*r**2. Give l(4).
24
Let w(p) = -62*p + 52. Let s(c) = -52*c + 44. Let a(l) = -6*s(l) + 5*w(l). Suppose -3*b = -4*b - j - 11, 4*j + 16 = 0. Determine a(b).
-18
Let o(j) = 27*j**2 - 27*j - 161. Let b(n) = -8*n**2 + 11*n + 54. Let x(r) = 10*b(r) + 3*o(r). Calculate x(-25).
-43
Let x(v) = 20*v**3 - 15*v**2 + 17*v + 1. Let q(i) = 7*i**3 - 5*i**2 + 6*i. Let j(c) = 17*q(c) - 6*x(c). Suppose -13 = 2*l + 1. Let w = 12 + l. Calculate j(w).
-6
Let n(f) = -153*f**2 + 7 + 96*f**2 - 7*f + 59*f**2. Suppose q + 15 = 2*q. Let u = q + -10. Determine n(u).
22
Let o(y) = y**3 + 4*y**2 + 4*y - 2. Let w be 12/9*((-1071)/28)/(-17). Suppose m + 21 = 5*c - w, 0 = 3*m + 4*c - 4. What is o(m)?
-18
Let v(o) be the second derivative of 5*o**4/12 + 25*o**3/6 + 8*o**2 + 95*o - 5. Determine v(-5).
16
Suppose 34 = 2*q - 2*m, m = -4*q + 63 + 10. Suppose 11 = -2*k + 15. Suppose k*r = -r - q. Let a(w) = w**2 + 12*w + 7. What is a(r)?
-29
Suppose 7*n = 3*n + 12. Suppose n*p + 51 = -0*p. Let y(w) = 14*w**2 + 20*w. Let h(o) = -5*o**2 - 7*o. Let k(c) = p*h(c) - 6*y(c). Give k(-2).
6
Let v(y) = -y**2 + 33*y - 60. Let r(j) = -j**2 + 125*j - 1425. Let c be r(13). Give v(c).
2
Let g(k) = -k**3 + 8*k**2 - 6. Let i be 2/(-4)*(-14)/(-7). Let u be i/4 - (540/(-16))/15. Let f be 8 - 0/9*(-1)/u. Calculate g(f).
-6
Let d(y) = y**2 - 4*y - 4. Let o(t) = -t**2 - 1. Suppose -3*x + 0 = 3. Let v(g) = x*o(g) + d(g). Let c be v(-1). Let a(n) = -2*n**2 + 3*n + 1. Calculate a(c).
-8
Suppose 89 = -6*f + 95. Let x(i) = -i + f - 10*i + 9*i + 0*i. What is x(7)?
-13
Let w = -30219 + 30252. Let b(v) = -v**2 + 38*v - 169. Calculate b(w).
-4
Let d = 775 - 769. Suppose -c + 5 + 2 = 0. Let a(q) = -d + 9*q - c*q**2 + q**3 - 3*q + 4 + 0. Give a(6).
-2
Let k(s) = s**3 + 9*s**2 - 10*s + 8. Let y be 3 - 0/(-3 - -4). Suppose -r = -m - 5, r + 10 = m - y*r. Give k(m).
8
Let i(b) = -b**2 + 3*b - 7. Let l(p) = 4*p**2 - 2*p + 7. Let y(o) = -7*o**2 + 4*o - 15. Let v(n) = 5*l(n) + 3*y(n). Let c(x) = 4*i(x) - 3*v(x). Give c(7).
-5
Suppose -3*x - 382*u + 381*u + 17 = 0, 0 = -2*x - 4*u + 28. Let p(k) = k - 5. Let o be p(7). Let v(r) = -3*r**2 + r**3 + r + 1 - r**o - 2. Give v(x).
3
Let f(g) = -5*g**3 - 9*g**2 + 36*g + 103. Let k(x) = 9*x**3 + 19*x**2 - 69*x - 207. Let q(w) = 11*f(w) + 6*k(w). What is q(13)?
-5
Let a(t) = 6 + 115*t**3 - 114*t**3 + 13*t**2 - 21*t**2 + 14*t - 1 + 0. Calculate a(4).
-3
Suppose 4*b - o + 30 = 0, 21*b - 19*b + 2*o = 0. Let k(i) = -8*i - 25. What is k(b)?
23
Let s(r) = r**2 + 5*r - 6. Suppose -j = -4*c - 14 + 2, 3*j - 80 = c. Suppose 4*p + 6*u + j = 10*u, p - 4*u + 10 = 0. What is s(p)?
0
Let c = -52217/6 - -8703. Let l(j) be the second derivative of 5/2*j**2 + c*j**3 - 1/12*j**4 + 0 - 6*j - 1/20*j**5. Give l(0).
5
Let f(a) = -6*a**2 + 10*a - 4*a**3 - 1 - 4*a**2 + 5*a**3 - 1. Let l = 43849 - 43840. What is f(l)?
7
Let j(d) = 2*d + 25. Suppose -2*g = -5*c + 24, -c - 82 = 5*g - 22. Determine j(g).
1
Let r = 261 + -256. Let u(t) = -46*t + r - 2*t**2 + 139*t - 87*t. Calculate u(6).
-31
Let z(t) = -4*t**3 - 5*t**2 - 40*t + 40. Let g(a) = -a**3 - a**2 - 13*a + 10. Let v(s) = -7*g(s) + 2*z(s). What is v(-4)?
-18
Let a(t) = -t**3 - 2*t**2 + t + 18. Let j(c) = c**2 + 43*c - 138. Let l be j(3). Give a(l).
18
Let o(b) = -b**3 - b**2 + 2*b - 1. Suppose -2*r - 5 = -3*r. Suppose 4*g - 6 = 14. Suppose -6 = -i + 4*d, 4*i + r*d = 2*d + g. Determine o(i).
-9
Suppose 2*p = -2*p + 4. Let z(l) = -l + 4. Let c(r) = 3*r - 11. Let u(x) = 4*c(x) + 11*z(x). Let f(n) = 7*n + 2. Let b(d) = p*f(d) - 6*u(d). Calculate b(-8).
-6
Let i(f) = -2*f - 4. Let b(d) = -3*d**2 + 48*d + 15. Let c be b(16). Let y be (45/4)/c*-4. Determine i(y).
2
Let b be (-4 - -2) + 1 + 3. Let x = 7 + -5. Let z(c) = -c**2 + 2 - c**2 + 0*c**2 + 2*c + 0*c**x. Calculate z(b).
-2
Let w(q) = 11*q**3 - 4*q**2 - 9*q + 15. Let u(y) = -2*y**3 + y**2 + y - 3. Let s(n) = -5*u(n) - w(n). Suppose 0 = -i + 2*i + 3. Calculate s(i).
6
Let w = 6649 - 6675. Let k(l) = 4*l + 104. Give k(w).
0
Let d(w) = w**3 + 3*w**3 - 94 - 8*w**2 + 182 - 2*w**3 - 92 + 7*w. Determine d(5).
81
Let r(a) = 24*a - 209. Let l be r(12). Suppose 73*n - l*n + 60 = 0. Let m(h) = h**3 - 9*h**2 - 10*h + 1. Give m(n).
1
Let v(x) = -5*x - 719*x**2 + 1 + 357*x**2 + 368*x**2. Determine v(1).
2
Let h(a) = -a + 3. Let q(c) = 14*c**2 - c. Let g be q(1). Suppose 0 = 14*k - g*k + 528. Let x be ((-2)/(-6))/((-22)/k). Determine h(x).
-5
Let z(v) = v**2 - 9*v - 1. Let n = 108 - 40. Let a = n + 52. Let s = a - 116. Give z(s).
-21
Suppose 26*p + 85 = -59*p. Let m(o) be the second derivative of -o**4 - o**3/6 - o**2/2 + 14*o. What is m(p)?
-12
Let s(r) be the second derivative of r**5/60 - 3*r**4/8 - 2*r**3/3 + 44*r**2 - 5*r - 5. Let h(z) be the first derivative of s(z). Calculate h(10).
6
Let n(v) = -5*v**2 - 5*v - 6. Let j(t) = 28*t**2 + 26*t + 29. Let x(a) = 2*j(a) + 11*n(a). Give x(-3).
10
Let d(t) = 7*t - 22. Suppose 374*l - 465*l + 364 = 0. Determine d(l).
6
Let k(v) be the first derivative of -v**3/3 - 8*v**2 - 43*v - 27. Let b(g) be the first derivative of k(g). Calculate b(-11).
6
Let v(g) = 3*g**3 - 48*g**2 + 5*g - 78. Let z be v(16). Suppose 2*a + 15 = 7*a. Let u(x) = -6*x**2 + 1 + a*x**2 - 3*x**z - x**2 + x. Give u(-1).
-7
Let r(s) be the first derivative of -s**4/12 + 4*s**3/3 - 7*s**2/2 - 72*s - 10. Let o(l) be the first derivative of r(l). Give o(6).
5
Let x(i) = -2*i**3